-11. Suppose t*y - 5*f = 33, 0*y = y + 4*f + 6. Suppose -2*n + 4*b - 24 = -y*n, b = 2*n - 9. List the prime factors of n.
5
Let r = -43 - -68. Suppose -r + 130 = 5*g. What are the prime factors of 256/14 + (-6)/g?
2, 3
Let c = 950 + 94. List the prime factors of c.
2, 3, 29
Let c be (-4)/(24/(-9))*10. Let g = 75 - c. What are the prime factors of g?
2, 3, 5
Let o(b) = -52*b - 18. Let w be o(-9). Suppose 2*t + 7*t = w. What are the prime factors of t?
2, 5
Let u(m) = -m**3 - 4*m**2 - 5*m - 2. Let w(l) = 3*l - 14. Let d be w(6). Suppose 0 = -y - 0*y - d. What are the prime factors of u(y)?
2, 3
Let p(v) = v**3 - 6*v**2 - 6*v - 5. Let l be p(7). Suppose l*i + 48 = 2*d, -52 = -2*d - 4*i + 2*i. What are the prime factors of d?
5
Let d be 374/99 - 2/(-9). Suppose 0 = 6*a - a + 5*y - 30, d*a + y - 12 = 0. Suppose 2*f - 5*n = 52, -4 = a*f + 3*n - 24. What are the prime factors of f?
2
Let x(r) = -8*r. Let n = 21 - 11. Suppose -3*v - 35 = 4*c, -3*v - n = -0*v - c. List the prime factors of x(v).
2, 5
Let u(y) = 1 - 8*y + 19*y**2 - 2*y + 7*y. List the prime factors of u(2).
71
Suppose 0*u - 38 = 2*u. Suppose 3*b + 18 = 114. Let k = b + u. List the prime factors of k.
13
Let c(l) be the second derivative of -l**5/20 - l**4/2 - 5*l**3/6 + l**2 + 4*l. Let r be c(-5). What are the prime factors of 516/42 - r/7?
2, 3
Let l be (1116/(-16))/((-5)/(-20)). Let h = l + 448. What are the prime factors of h?
13
Let h = -2 - 3. What are the prime factors of (12/8)/(h/(-460))?
2, 3, 23
Suppose 2*d = 4*f + 2868, 52*d - f + 4323 = 55*d. List the prime factors of d.
2, 3, 5
Let k(v) = -v + 20. Let g be k(7). Suppose -g*f = -869 - 132. List the prime factors of f.
7, 11
What are the prime factors of (134/8)/((34/(-32))/(-17))?
2, 67
Suppose -6*n = 1128 - 4446. List the prime factors of n.
7, 79
Let x = 3768 - 2632. What are the prime factors of x?
2, 71
Let r(y) = 7*y**2 - 1. Let t be r(1). Let b(f) = f**3 - 5*f**2 + 7*f - 13. What are the prime factors of b(t)?
5, 13
Suppose 5*r + 8 + 142 = 0. Let s(i) = -i**3 + 33*i**2 - 3*i + 96. Let t be s(33). List the prime factors of t + (2 + 0 - r).
29
Let n(d) = -3*d**3 + 5*d**2 + 42*d - 12. List the prime factors of n(-10).
2, 13, 59
Let p be 6 - (-3)/(-3 + 6). Suppose p*v - 5*v = -14. Let y = 34 + v. What are the prime factors of y?
3
Let j = 192 + 42. List the prime factors of j.
2, 3, 13
Suppose -4*f - 2*h + 2 = f, 0 = 3*f - h - 10. Suppose 0 = -f*u + 4*u. Suppose 4*c - 64 - 52 = u. What are the prime factors of c?
29
Let u(j) = 5*j - 31. Suppose 16 = 6*o + 4. Suppose 4*g = -o*n + 52, 2*n + 21 + 31 = 4*g. List the prime factors of u(g).
2, 17
Let q(j) = -5*j + 107. List the prime factors of q(0).
107
Let r be -1 + -1 + (3920/(-4))/(-2). Let u = r + -227. What are the prime factors of u?
3, 29
List the prime factors of (-7 - (-483)/70)*-22970.
2297
Let o(r) = 3*r**2 + 2*r - 1. Suppose 0 = 4*n + 4*g + 4, 4*g + 0*g + 18 = 3*n. Let c = n + 0. What are the prime factors of o(c)?
3, 5
Let s(v) = 2*v + 35. Let p be s(-19). What are the prime factors of ((-2724)/18)/(2/p)?
227
Let v(w) = 4*w + 14. Let c be v(10). Let u(f) = -f**3 - 5*f**2 + 6*f - 6. Let b be u(-5). Let a = b + c. List the prime factors of a.
2, 3
What are the prime factors of (-14804)/6*(3 - 36/8)?
3701
Let z(i) = i**3 + i**2. Let t be z(-1). Suppose -9*d + 10*d = t. Suppose d = -4*n - 0*n + 104. List the prime factors of n.
2, 13
Let v(w) = -w**2 + w - 1. Let o(x) = 2*x**2 + 25*x + 30. Let f(j) = o(j) + 3*v(j). List the prime factors of f(21).
2, 3, 29
Let r = 51 - 46. What are the prime factors of (-102)/(-1) + -2 + r?
3, 5, 7
Suppose -6*h - 36 = -3*h. Let x(n) = -76 + 92 - 12*n**2 + 17*n - 21*n - n**3. What are the prime factors of x(h)?
2
Suppose 118*g - 5166 = 97*g. What are the prime factors of g?
2, 3, 41
Suppose 3*l + 2*l = 5*g - 25, -5*g - l + 31 = 0. Suppose 9*p - 2*w = g*p + 244, 2*w = 8. List the prime factors of p.
2, 3, 7
Let u(d) = 4 - 3*d**2 + 5*d + 5*d**3 + 9*d**3 + 14*d**3 - 1. Let v(o) = -14*o**3 + o**2 - 2*o - 1. Let a(t) = -2*u(t) - 5*v(t). List the prime factors of a(1).
2, 7
Let n be (28/(-10))/(2/(-60)). Suppose y + 56 = 2*i - 4*y, 4*i + 4*y - n = 0. List the prime factors of i.
23
Suppose -612 = -2*g - m, -4*g + m = -616 - 596. Let z = g + -16. What are the prime factors of z?
2, 3
Let b = 595 - 400. What are the prime factors of b?
3, 5, 13
Suppose -28*u + 328581 = 71*u. List the prime factors of u.
3319
Suppose 28 = 5*r + 8. Suppose -82 = -p + r*s - 5*s, -p + 62 = -4*s. List the prime factors of p.
2, 3, 13
Let v(l) = -5*l**3 + 6*l**2 - 5*l - 7. Let r(m) = m**3 + m**2 - m. Let k(i) = 4*r(i) + v(i). List the prime factors of k(5).
73
Suppose -32 = 5*t - 1132. List the prime factors of t.
2, 5, 11
Suppose -130 = 4*t - 2*t. Let x = t + 67. What are the prime factors of x?
2
Suppose -3*f + 1090 = 2*f. Suppose 18 = 4*l - f. Let k = l + -40. List the prime factors of k.
19
Suppose 4*p - 528 = -d, -d - 3*p = 26 - 558. Suppose 0 = -2*g - 2*f + 372, 2*g - d = -4*f - 178. What are the prime factors of g?
3, 7
Suppose -40*l - 1560 = -45*l. What are the prime factors of l?
2, 3, 13
Suppose 1954 = 2*q - 7*c + 9*c, 0 = 2*q - 3*c - 1969. List the prime factors of q.
2, 5, 7
Suppose -i - 3*q - 2 = 2, 44 = 4*i - 3*q. Suppose 0 = i*c - 6 - 10. List the prime factors of c.
2
What are the prime factors of (-2*1)/((-12)/2934*3)?
163
What are the prime factors of 14325/35 - 14/49?
409
Let q(r) = 13*r - 24. Let f be q(11). List the prime factors of f + -2 + -1 - -1.
3, 13
Let o be (-10)/(-45) + 412/9. Let p = o + -8. List the prime factors of p.
2, 19
Let t(o) = 8*o**3 + 2*o**2 - 3*o + 26. What are the prime factors of t(3)?
251
Let o = -2894 - -5070. What are the prime factors of o?
2, 17
Suppose -4*t + 9*t = 17830. List the prime factors of t.
2, 1783
Suppose -5*l - 4 = 16. Let b be (l - 1)*(-12)/(-10). What are the prime factors of (-38)/(-2) - 18/b?
2, 11
Let m(v) = -35*v + 4. Let d be 8/36 + (-38)/9. List the prime factors of m(d).
2, 3
Let o(g) = -7*g**3 - g**2 + 2*g - 1. Let i be o(1). Let s = -1 - i. Suppose -120 = -s*q + 3*q. What are the prime factors of q?
2, 5
Suppose -2*w + 28 = 116. What are the prime factors of w/(-11) + (0 - -166)?
2, 5, 17
Let m(w) = w**3 + 34*w**2 - 6*w - 82. What are the prime factors of m(-34)?
2, 61
Let p = -127 + 134. Suppose -3*l + l = -24. Let s = l - p. What are the prime factors of s?
5
Let p(l) = -2*l**3 + 43*l**2 + 12*l - 45. List the prime factors of p(20).
3, 5, 31
Suppose 2*d + 205 = 2017. What are the prime factors of d?
2, 3, 151
Suppose 3*u = 2*w - 1990, -w + 977 = 61*u - 58*u. What are the prime factors of w?
23, 43
Suppose 4*m + m = -4*y + 2075, 1590 = 3*y - 3*m. Suppose -2*s = -v + 223, 4*v = -2*s + y + 347. List the prime factors of v.
3, 73
Let a(q) = 59*q**2 + 9*q - 34. What are the prime factors of a(-5)?
2, 349
Suppose g - 3*s = -g + 54, 5*s - 119 = -3*g. Let b = g - 19. What are the prime factors of (4 + 0)*21/b?
2, 3
Suppose -45*n = -7574 - 28876. List the prime factors of n.
2, 3, 5
Let f = 3910 - 2712. What are the prime factors of f?
2, 599
Let x = 6993 + -4506. List the prime factors of x.
3, 829
Suppose -3 = -3*k - 2*z, 5*z = -2*k + 4*k - 21. Suppose 9*d = -k*n + 4*d - 14, 0 = -5*n + d + 14. What are the prime factors of (5/n)/((-5)/(-10))?
5
Suppose -33 = -2*v - 115. Let k = 9 - v. List the prime factors of k.
2, 5
Let l = -260 + 486. Suppose 0 = 2*z - 3*b - l, 4*z - 253 - 239 = -4*b. List the prime factors of z.
7, 17
Let c = 177 - 161. List the prime factors of c.
2
Let t(r) = -44*r**3 + 4*r**2 + 9*r + 9. Let p(q) = -22*q**3 + 2*q**2 + 5*q + 5. Let v(f) = -11*p(f) + 6*t(f). What are the prime factors of v(-2)?
5, 37
Let r(c) = c**3 + 19*c**2 - 21*c - 18. Let h be r(-20). Let p(g) = g**3 - 2*g - 1. Let l be p(h). Suppose 0 = l*z + z - 184. List the prime factors of z.
2, 23
Suppose -m - 2 = -6. Let z be 1/2*64/m. Suppose -z = -7*y + 3*y. List the prime factors of y.
2
Suppose 376 = 5*u + 4*i, 3*u - 143 - 88 = 3*i. Let h = -41 + u. List the prime factors of h.
5, 7
List the prime factors of 2*1*(-375566)/(-316).
2377
Suppose -4*l - 160 = -8*l. Let v = l - -76. List the prime factors of v.
2, 29
Suppose -4 - 2 = -2*d. Suppose 25 = d*v + 2*v, 4*s - 2*v + 10 = 0. Let r(c) = c + 10. What are the